ose 78*c - 79*c = -x. What are the prime factors of c?
3, 5
Suppose 2*o = -r + 33342, -o = 78*r - 83*r + 166710. List the prime factors of r.
2, 3, 5557
Let m = -77 - -48. Let w = m + 26. What are the prime factors of 1 - (4 + (w + -119 - 2))?
11
Let b = 151 + -147. Suppose i - 460 = 3*r - 6*r, -b*r + 616 = 2*i. Let x = 8 + r. What are the prime factors of x?
2, 5
Let n be 2*(-306)/(-12) - 8. Let l(k) = k**2 - 8*k - 8. Let h be l(8). Let q = n + h. List the prime factors of q.
5, 7
Let d = 4484 + 331. List the prime factors of d.
3, 5, 107
Let w(y) = -y**3 - 30*y**2 - 250*y - 175. List the prime factors of w(-45).
2, 5, 829
Let z be (6/(-4))/((-18)/24). Let w(s) = 4 + 2 + 3*s - z + 11*s**2. What are the prime factors of w(-2)?
2, 3, 7
Let c = -1177 - -1659. Suppose 298 = 3*w - c. List the prime factors of w.
2, 5, 13
Let l be -57 + -2 + 8 + (-1 - 2). Let c = l - -728. What are the prime factors of c?
2, 337
Let v = -66 + 69. Suppose v*k = 215 + 82. Suppose 0 = 14*h - k - 13. What are the prime factors of h?
2
Let v(h) = -h**3 + 11*h**2 - 9*h + 15. Suppose 0 = 5*r - 9*r + 28. List the prime factors of v(r).
2, 37
Suppose 156*k - 149*k = 1183. Suppose 0 = 171*p - k*p - 112. What are the prime factors of p?
2, 7
Suppose 0 = -5*f - 4*t + 111633, 102*t - 99*t + 66996 = 3*f. List the prime factors of f.
3, 827
Let t(v) be the third derivative of v**4/24 - v**3/3 - 20*v**2. Let x be t(-3). Let b(y) = 8*y**2 + 11*y + 1. What are the prime factors of b(x)?
2, 73
Let a(u) = -5*u**2 - 69*u + 27. Let c be a(-12). Suppose c = 4*n - 53. List the prime factors of n.
47
Let t(a) be the first derivative of 13*a**2/2 + 61*a - 136. What are the prime factors of t(30)?
11, 41
Let l = 113 - 111. Suppose 2*u - 670 = l*q - 0*q, 0 = 5*u + q - 1687. List the prime factors of u.
337
Let w = 2 + 27. Suppose 33*s + 12 = w*s. What are the prime factors of (-3)/s*-87*(-2)/3?
2, 29
Suppose 66*w - 69*w = -4*z - 4525, -2*z = 5*w - 7533. What are the prime factors of w?
11, 137
Suppose 184184 = 517*x - 494*x. What are the prime factors of x?
2, 7, 11, 13
Suppose 23 = 9*u - 31. Let q be (-11)/((-44)/24)*2/u. Suppose -4*v + 100 = -g - 3*g, g + 53 = q*v. What are the prime factors of v?
2, 7
Suppose 16*p + 1287 + 265 = 0. Let a = -64 - p. What are the prime factors of a?
3, 11
Suppose 12297*c = 12331*c - 1024196 - 237034. List the prime factors of c.
3, 5, 2473
List the prime factors of (4/(-8))/((-8)/42992).
2687
Suppose -4*p - 4*o = -12, 3*p = p + 3*o + 1. Suppose p*i = i - 67. List the prime factors of 1 - (i - (1 - 4)).
5, 13
Let g(f) = 71 - 28 + 393*f - 16. List the prime factors of g(5).
2, 3, 83
Suppose -2*j = -5*r - 8609, -3*j + 12916 = 65*r - 70*r. What are the prime factors of j?
59, 73
Let s(t) = -15*t - 7*t - 9*t - 10*t + 37*t**2 + 1 + 42*t. Let m = 5 + -3. What are the prime factors of s(m)?
151
Let s = 3283 + -1769. Suppose 4*q = s + 158. List the prime factors of q.
2, 11, 19
Suppose 798*u + 33980 = 4*l + 795*u, 0 = -3*l - u + 25485. What are the prime factors of l?
5, 1699
Let j(l) = 6*l**3 - 74*l**2 + 1. Let x(f) = f**3 - 15*f**2. Let t(b) = 2*j(b) - 11*x(b). Let z be t(-17). Let q(m) = 36*m - 4. List the prime factors of q(z).
2, 17
Let y(z) = 908*z**2 + 496*z - 31. List the prime factors of y(9).
29, 2689
Suppose 62*u - 372320 = -117*u. List the prime factors of u.
2, 5, 13
Let i = 518 + -525. What are the prime factors of (i/(-14)*1)/(3/4542)?
757
Let h(f) = 21945*f**2 + 29*f + 25. List the prime factors of h(-1).
37, 593
Suppose 58*k + 64 = 62*k. Suppose -4*r + 5*w + 2048 = 0, 12*w - k*w = -16. What are the prime factors of r?
11, 47
Suppose 14958 = 7*c - 4*c. Suppose 0*b - c = -6*b. List the prime factors of b.
3, 277
Suppose 3*j = 21*w - 16*w + 10493, -7000 = -2*j + 8*w. List the prime factors of j.
2, 19, 23
Suppose -157*m - 71*m - 83*m + 2280874 = 0. List the prime factors of m.
2, 19, 193
Let h(i) = 6*i**2 + 8*i + 13*i - 10*i + 21 - 4*i**2 + 11*i**2. List the prime factors of h(-12).
3, 587
Let r(i) = 46*i - 5. Suppose b = 2*k - 205, 296 = 3*k + 4*b - 39. Suppose 106*y - 3 = k*y. List the prime factors of r(y).
7, 19
Let g(f) = 2*f**2 + 50*f - 1538. What are the prime factors of g(56)?
2, 3767
Let x(t) = 5*t**2 - 5*t + 1. Let k(p) = p - 1. Let f be k(3). Let h be (-27)/(-18) - (-3)/f. List the prime factors of x(h).
31
Let q(z) = -28*z - 80. Let j be 4 + -16 + (-2)/1. List the prime factors of q(j).
2, 3, 13
Let o(q) = q - 1. Let g be o(5). Suppose 408 = g*d - d. Suppose -22*f + d = -18*f. What are the prime factors of f?
2, 17
Suppose -1 = z + 4*l + 1, -2*l + 26 = -4*z. What are the prime factors of (1 - (-34)/z)/(39/(-3978))?
2, 7, 17
Suppose 3*r + 5*i - 4*i - 17471 = 0, 2*i = -4*r + 23294. Suppose -8*l + l = -r. What are the prime factors of l?
2, 13
Suppose -q - 2*a + 9 = 0, -4*q + 9*q = -a + 18. Let s be 95/(q/(7 - 4)). Let x = -54 + s. List the prime factors of x.
41
Let j be (129 + (-8)/(-4))*(0 - -1). Suppose -123*u = -j*u + 6424. What are the prime factors of u?
11, 73
Suppose 0 = -5*m - 2*l + 10257, 3*m + 2100 = -l + 8255. Suppose 12*x = m + 671. Suppose 12*i = 13*i - x. What are the prime factors of i?
227
What are the prime factors of 2976/2 - (-186)/31?
2, 3, 83
Let a(j) = -j**3 - 8*j**2 - 4*j + 11. Suppose 0 = 4*x + 33 - 5. Let z be a(x). Let b = 46 - z. What are the prime factors of b?
2, 7
Let w(n) = 21*n**2 - 5*n - 10. Let v(c) = 4*c + 5. Let m be v(-2). Let r be w(m). Let t = r - 80. List the prime factors of t.
2, 3, 19
Let i = 221 + -216. Suppose -956 - 229 = -i*g. What are the prime factors of g?
3, 79
Let o(x) = x - 4. Let p be o(-2). Let d(c) be the first derivative of c**4/4 + 2*c**3 - 5*c**2/2 - 16*c + 16. What are the prime factors of d(p)?
2, 7
Let l(z) = 497*z - 111. Let p(c) = -498*c + 119. Let y(v) = -5*l(v) - 4*p(v). List the prime factors of y(-3).
2, 19, 41
Let q(x) = -2*x**2 + 12*x - 11. Suppose 36 = 4*n - 4*a, 6*n - 4*a - 44 = n. Let h be q(n). Let d = 62 + h. What are the prime factors of d?
19
Let y be (-6)/(-21) + 160/28. Let m(r) be the second derivative of r**4/6 - 5*r**3/6 - r**2/2 - 22*r. List the prime factors of m(y).
41
Let s(z) = -5*z - 1 - 2*z + 15 + z**2. Suppose 7*g - 8 = 2*d + 2*g, 5*g - 32 = -2*d. List the prime factors of s(d).
2
Let w(p) = p**3 + 35*p**2 - 29*p + 136. What are the prime factors of w(23)?
11, 2741
Let s(a) = 112*a. Let n(y) = -y - 1. Let f(l) = -5*n(l) - s(l). Let b(p) = 107*p - 6. Let o(w) = -4*b(w) - 5*f(w). What are the prime factors of o(1)?
2, 53
Let y = -19166 - -49147. List the prime factors of y.
7, 4283
Let s(x) = 18*x**2 - 331*x + 59. What are the prime factors of s(-42)?
17, 2689
Let f(j) = j + 11. Let y be f(-11). Suppose 7*a + 10 + 18 = y. Let r(u) = -16*u + 4. List the prime factors of r(a).
2, 17
What are the prime factors of (-25 - 7)/((-12)/4206)?
2, 701
Let q(d) = 5016*d - 239. What are the prime factors of q(2)?
7, 1399
Let m(v) = -v**3 - 13*v**2 + 25*v + 36. Let x = 149 - 165. List the prime factors of m(x).
2, 101
Let u(n) be the first derivative of 51*n**2/2 - 115*n + 227. What are the prime factors of u(14)?
599
Let x(h) = -h**3 + 8*h**2 + 15*h - 7. Let w be x(-4). Suppose -116*r + w*r = 2358. List the prime factors of r.
2, 131
Suppose -14654 + 3409 = -13*h. Suppose 2*j - 5*d - h + 10 = 0, -5*j + 2152 = 2*d. What are the prime factors of j?
2, 5, 43
Let f(b) = -b**2 - 6*b - 5. Let r be f(-4). Suppose -3*m - 23 + 2 = -3*y, 0 = -4*m + r*y - 24. What are the prime factors of m/(3/2) - 1 - -197?
2, 97
Suppose 0 = 300*u - 295*u - w - 171041, -u + 34210 = -2*w. List the prime factors of u.
2, 1069
Let o = -559 + 563. Suppose 4*r + 2376 = -3*x + 7*x, -2*r = -o*x + 2366. What are the prime factors of x?
19, 31
Let w(o) = 14*o**2 - 148*o + 2133. List the prime factors of w(42).
3, 6871
List the prime factors of 409976336/9453 - 12/(-414).
2, 5, 4337
What are the prime factors of ((-64)/12)/((-130)/620295)?
2, 3181
List the prime factors of ((-12)/(-54)*4881)/((-2)/(-87)).
29, 1627
Let n(r) = 1683*r + 8376. List the prime factors of n(9).
3, 7841
What are the prime factors of (-461799)/(-39) + (-56)/(-4)?
5, 2371
Let s = 50368 - 27088. What are the prime factors of s?
2, 3, 5, 97
Suppose r + 6 = 2*z, 7*z = -4*r + 11*z - 12. Suppose -3*a + 3720 = 5*d, 30*d - 29*d + 3*a